{"id":66780,"date":"2026-09-03T12:32:20","date_gmt":"2026-09-03T10:32:20","guid":{"rendered":"https:\/\/dam-online.de\/veranstaltung\/dam-on-tour-in-diesdorf-schoen-hier-architektur-auf-dem-land\/"},"modified":"2026-09-03T12:32:20","modified_gmt":"2026-09-03T10:32:20","slug":"dam-on-tour-in-diesdorf-schoen-hier-architektur-auf-dem-land","status":"publish","type":"tribe_events","link":"https:\/\/dam-online.de\/en\/veranstaltung\/dam-on-tour-in-diesdorf-schoen-hier-architektur-auf-dem-land\/","title":{"rendered":"DAM on Tour in Diesdorf: SCH\u00d6N HIER. Architektur auf dem Land"},"content":{"rendered":"<h2>DAM on Tour in Diesdorf: SCH\u00d6N HIER. Architektur auf dem Land<\/h2>\n<p><strong>5. September &#8211; 1. Oktober 2026<\/strong><br \/>\n<strong>Freilichtmuseum Diesdorf<\/strong><\/p>\n<p class=\"wp-block-paragraph\">Wie sieht gute Architektur auf dem Land aus? Dieser Frage widmet sich die Ausstellung \u201eSCH\u00d6N HIER. Architektur auf dem Land\u201c des Deutschen Architekturmuseums (DAM), die vom 5. September bis 1. Oktober 2026 im Freilichtmuseum Diesdorf zu sehen ist. Sie r\u00fcckt die Qualit\u00e4ten l\u00e4ndlicher Baukultur in den Mittelpunkt und zeigt anhand von 70 beispielhaften Projekten aus Deutschland, \u00d6sterreich, der Schweiz und weiteren europ\u00e4ischen L\u00e4ndern, welchen Beitrag Architektur zu einem lebenswerten l\u00e4ndlichen Raum leisten kann. Pr\u00e4sentiert werden Wohnh\u00e4user, Scheunenumbauten, Hofanlagen, \u00f6ffentliche Geb\u00e4ude, Werkst\u00e4tten, Kultur- und Freizeitbauten. Im Fokus stehen nicht nur die Architektur selbst, sondern auch die Menschen, die sie planen, bauen und nutzen. Aus Sachsen-Anhalt sind das\u00a0Ferienhaus in Druxberge\u00a0von Jan R\u00f6sler Architekten sowie das\u00a0Museum Luthers Elternhaus\u00a0in Mansfeld von Anderhalten Architekten vertreten.<\/p>\n<p class=\"wp-block-paragraph\">Mit der Pr\u00e4sentation laden die Veranstalter dazu ein, den Blick auf die Potenziale l\u00e4ndlicher Regionen zu richten und Architektur als wichtigen Baustein f\u00fcr lebenswerte D\u00f6rfer und Gemeinden neu zu entdecken.<\/p>\n<p class=\"wp-block-paragraph\">Die Ausstellung wird am Samstag, 5. September 2026, um 15:00 Uhr er\u00f6ffnet und kann dienstags bis sonntags von 10:00 bis 17:00 Uhr besucht werden<\/p>\n","protected":false},"excerpt":{"rendered":"<p>Wie sieht gute Architektur auf dem Land aus? Dieser Frage widmet sich die Ausstellung \u201eSCH\u00d6N HIER. Architektur auf dem Land\u201c des Deutschen Architekturmuseums (DAM), die vom 5. September bis 1. Oktober 2026 im Freilichtmuseum Diesdorf zu sehen ist.<\/p>\n","protected":false},"author":7,"featured_media":66777,"template":"","meta":{"_acf_changed":false,"_et_pb_use_builder":"","_et_pb_old_content":"","_et_gb_content_width":"","_tribe_events_status":"","_tribe_events_status_reason":"","_tribe_events_is_hybrid":"","_tribe_events_is_virtual":"","_tribe_events_virtual_video_source":"","_tribe_events_virtual_embed_video":"","_tribe_events_virtual_linked_button_text":"","_tribe_events_virtual_linked_button":"","_tribe_events_virtual_show_embed_at":"","_tribe_events_virtual_show_embed_to":[],"_tribe_events_virtual_show_on_event":"","_tribe_events_virtual_show_on_views":"","_tribe_events_virtual_url":"","footnotes":""},"tags":[284],"veranstaltungs_formate":[],"tribe_events_cat":[253],"hf_cat_tribe_events":[],"class_list":["post-66780","tribe_events","type-tribe_events","status-publish","has-post-thumbnail","hentry","tag-ontour-en-2","tribe_events_cat-veranstaltung-en","cat_veranstaltung-en"],"acf":[],"_links":{"self":[{"href":"https:\/\/dam-online.de\/en\/wp-json\/wp\/v2\/tribe_events\/66780","targetHints":{"allow":["GET"]}}],"collection":[{"href":"https:\/\/dam-online.de\/en\/wp-json\/wp\/v2\/tribe_events"}],"about":[{"href":"https:\/\/dam-online.de\/en\/wp-json\/wp\/v2\/types\/tribe_events"}],"author":[{"embeddable":true,"href":"https:\/\/dam-online.de\/en\/wp-json\/wp\/v2\/users\/7"}],"version-history":[{"count":0,"href":"https:\/\/dam-online.de\/en\/wp-json\/wp\/v2\/tribe_events\/66780\/revisions"}],"wp:featuredmedia":[{"embeddable":true,"href":"https:\/\/dam-online.de\/en\/wp-json\/wp\/v2\/media\/66777"}],"wp:attachment":[{"href":"https:\/\/dam-online.de\/en\/wp-json\/wp\/v2\/media?parent=66780"}],"wp:term":[{"taxonomy":"post_tag","embeddable":true,"href":"https:\/\/dam-online.de\/en\/wp-json\/wp\/v2\/tags?post=66780"},{"taxonomy":"veranstaltungs_formate","embeddable":true,"href":"https:\/\/dam-online.de\/en\/wp-json\/wp\/v2\/veranstaltungs_formate?post=66780"},{"taxonomy":"tribe_events_cat","embeddable":true,"href":"https:\/\/dam-online.de\/en\/wp-json\/wp\/v2\/tribe_events_cat?post=66780"},{"taxonomy":"hf_cat_tribe_events","embeddable":true,"href":"https:\/\/dam-online.de\/en\/wp-json\/wp\/v2\/hf_cat_tribe_events?post=66780"}],"curies":[{"name":"wp","href":"https:\/\/api.w.org\/{rel}","templated":true}]}}

DAM on Tour in Diesdorf: SCHÖN HIER. Architektur auf dem Land

<h2>DAM on Tour in Diesdorf: SCHÖN HIER. Architektur auf dem Land</h2>
<p><strong>5. September &#8211; 1. Oktober 2026</strong><br />
<strong>Freilichtmuseum Diesdorf</strong></p>
<p class="wp-block-paragraph">Wie sieht gute Architektur auf dem Land aus? Dieser Frage widmet sich die Ausstellung „SCHÖN HIER. Architektur auf dem Land“ des Deutschen Architekturmuseums (DAM), die vom 5. September bis 1. Oktober 2026 im Freilichtmuseum Diesdorf zu sehen ist. Sie rückt die Qualitäten ländlicher Baukultur in den Mittelpunkt und zeigt anhand von 70 beispielhaften Projekten aus Deutschland, Österreich, der Schweiz und weiteren europäischen Ländern, welchen Beitrag Architektur zu einem lebenswerten ländlichen Raum leisten kann. Präsentiert werden Wohnhäuser, Scheunenumbauten, Hofanlagen, öffentliche Gebäude, Werkstätten, Kultur- und Freizeitbauten. Im Fokus stehen nicht nur die Architektur selbst, sondern auch die Menschen, die sie planen, bauen und nutzen. Aus Sachsen-Anhalt sind das Ferienhaus in Druxberge von Jan Rösler Architekten sowie das Museum Luthers Elternhaus in Mansfeld von Anderhalten Architekten vertreten.</p>
<p class="wp-block-paragraph">Mit der Präsentation laden die Veranstalter dazu ein, den Blick auf die Potenziale ländlicher Regionen zu richten und Architektur als wichtigen Baustein für lebenswerte Dörfer und Gemeinden neu zu entdecken.</p>
<p class="wp-block-paragraph">Die Ausstellung wird am Samstag, 5. September 2026, um 15:00 Uhr eröffnet und kann dienstags bis sonntags von 10:00 bis 17:00 Uhr besucht werden</p>

<p>Wie sieht gute Architektur auf dem Land aus? Dieser Frage widmet sich die Ausstellung „SCHÖN HIER. Architektur auf dem Land“ des Deutschen Architekturmuseums (DAM), die vom 5. September bis 1. Oktober 2026 im Freilichtmuseum Diesdorf zu sehen ist.</p>
