{"id":28815,"date":"2021-10-01T09:38:38","date_gmt":"2021-10-01T07:38:38","guid":{"rendered":"https:\/\/dam-online.de\/veranstaltung\/dialog-im-museum-13-smart-cities-wo-stehen-wir-heute\/"},"modified":"2021-10-01T09:56:52","modified_gmt":"2021-10-01T07:56:52","slug":"dialog-im-museum-13-smart-cities-wo-stehen-wir-heute","status":"publish","type":"tribe_events","link":"https:\/\/dam-online.de\/en\/veranstaltung\/dialog-im-museum-13-smart-cities-wo-stehen-wir-heute\/","title":{"rendered":"DIALOG IM MUSEUM #13: Smart Cities. Wo stehen wir heute?"},"content":{"rendered":"<h3>DIALOG IM MUSEUM #13 Smart Cities. WO STEHEN WIR HEUTE?<\/h3>\n<p><strong>Podiumsdiskussion Di, 26. Oktober 2021, 19 Uhr<br \/>\nZu Gast in der AusstellungsHalle 1a, Schulstra\u00dfe 1a, 60594 Frankfurt am Main<br \/>\n<\/strong><\/p>\n<p>Anmeldung unter <a href=\"http:\/\/www.hs-rm.de\/dialog-im-museum\">www.hs-rm.de\/dialog-im-museum<\/a><br \/>\nMit best\u00e4tigter Anmeldung erhalten Sie weitere Informationen zu Durchf\u00fchrung und Ablauf der Veranstaltung.<\/p>\n<p>Klimakrise, Mobilit\u00e4tswende, Wohnraumknappheit \u2013 St\u00e4dte stehen heute vor gro\u00dfen Herausforderungen und wachsendem Ver\u00e4nderungsbedarf.<br \/>\nSmart City-Konzepte versuchen den neuen Anforderungen gerecht zu werden \u2013 mit gemischtem Erfolg: W\u00e4hrend Googles Digitalstadt in Toronto scheitert, entwickelt sich Barcelona zum Vorbild f\u00fcr Digitalisierung im Dienste des Gemeinwohls. Wie steht es also heute um die Umsetzung von Smart-City-Visionen? Was versprechen wir uns von ihnen in Deutschland und wo liegen die regionalen H\u00fcrden in ihrer Umsetzung?<\/p>\n<p>mit:<br \/>\nIris Belle, Professorin f\u00fcr Smart City Solutions, Hochschule f\u00fcr Technik Stuttgart<br \/>\nStefan Slembrouck, Vorstandsmitglied des Bundesverbands Smart City e.V., Fachexperte Ethische Smart City und Internationale Zusammenarbeit<br \/>\nJos\u00e9 David da Torre Su\u00e1rez, Gesch\u00e4ftsf\u00fchrer der Digitalstadt Darmstadt GmbH<br \/>\nThomas J\u00fche, B\u00fcrgermeister der Stadt Raunheim<\/p>\n<p>Moderation:<br \/>\nThomas Kaspar, Chefredakteur der Frankfurter Rundschau<\/p>\n<p>DIALOG IM MUSEUM ist ein Kooperationsprojekt des DAM und der Hochschule RheinMain, das sich mit den Auswirkungen von smarten Technologien auf unser Leben besch\u00e4ftigt.<\/p>\n<p><strong>Einlass nur unter Beachtung der 2G-Regel f\u00fcr Geimpfte und Genesene. Wir danken f\u00fcr Ihr Verst\u00e4ndnis und freuen uns auf Ihren Besuch!<\/strong><\/p>\n","protected":false},"excerpt":{"rendered":"<p>Klimakrise, Mobilit\u00e4tswende, Wohnraumknappheit \u2013 St\u00e4dte stehen heute vor gro\u00dfen Herausforderungen und wachsendem Ver\u00e4nderungsbedarf.<br \/>\nSmart City-Konzepte versuchen den neuen Anforderungen gerecht zu werden \u2013 mit gemischtem Erfolg: W\u00e4hrend Googles Digitalstadt in Toronto scheitert, entwickelt sich Barcelona zum Vorbild f\u00fcr Digitalisierung im Dienste des Gemeinwohls.<\/p>\n","protected":false},"author":7,"featured_media":28812,"template":"","meta":{"_acf_changed":false,"_et_pb_use_builder":"","_et_pb_old_content":"","_et_gb_content_width":"","_tribe_events_status":"","_tribe_events_status_reason":"","_tribe_events_is_hybrid":"","_tribe_events_is_virtual":"","_tribe_events_virtual_video_source":"","_tribe_events_virtual_embed_video":"","_tribe_events_virtual_linked_button_text":"","_tribe_events_virtual_linked_button":"","_tribe_events_virtual_show_embed_at":"","_tribe_events_virtual_show_embed_to":[],"_tribe_events_virtual_show_on_event":"","_tribe_events_virtual_show_on_views":"","_tribe_events_virtual_url":"","footnotes":""},"tags":[233],"veranstaltungs_formate":[265],"tribe_events_cat":[253],"hf_cat_tribe_events":[],"class_list":["post-28815","tribe_events","type-tribe_events","status-publish","has-post-thumbnail","hentry","tag-mega-menu-en","veranstaltungs_formate-podiumsdiskussion","veranstaltungs_bedingungen-extern","veranstaltungs_bedingungen-mit-anmeldung","tribe_events_cat-veranstaltung-en","cat_veranstaltung-en"],"acf":[],"_links":{"self":[{"href":"https:\/\/dam-online.de\/en\/wp-json\/wp\/v2\/tribe_events\/28815","targetHints":{"allow":["GET"]}}],"collection":[{"href":"https:\/\/dam-online.de\/en\/wp-json\/wp\/v2\/tribe_events"}],"about":[{"href":"https:\/\/dam-online.de\/en\/wp-json\/wp\/v2\/types\/tribe_events"}],"author":[{"embeddable":true,"href":"https:\/\/dam-online.de\/en\/wp-json\/wp\/v2\/users\/7"}],"version-history":[{"count":0,"href":"https:\/\/dam-online.de\/en\/wp-json\/wp\/v2\/tribe_events\/28815\/revisions"}],"wp:featuredmedia":[{"embeddable":true,"href":"https:\/\/dam-online.de\/en\/wp-json\/wp\/v2\/media\/28812"}],"wp:attachment":[{"href":"https:\/\/dam-online.de\/en\/wp-json\/wp\/v2\/media?parent=28815"}],"wp:term":[{"taxonomy":"post_tag","embeddable":true,"href":"https:\/\/dam-online.de\/en\/wp-json\/wp\/v2\/tags?post=28815"},{"taxonomy":"veranstaltungs_formate","embeddable":true,"href":"https:\/\/dam-online.de\/en\/wp-json\/wp\/v2\/veranstaltungs_formate?post=28815"},{"taxonomy":"tribe_events_cat","embeddable":true,"href":"https:\/\/dam-online.de\/en\/wp-json\/wp\/v2\/tribe_events_cat?post=28815"},{"taxonomy":"hf_cat_tribe_events","embeddable":true,"href":"https:\/\/dam-online.de\/en\/wp-json\/wp\/v2\/hf_cat_tribe_events?post=28815"}],"curies":[{"name":"wp","href":"https:\/\/api.w.org\/{rel}","templated":true}]}}

<h3>DIALOG IM MUSEUM #13 Smart Cities. WO STEHEN WIR HEUTE?</h3>
<p><strong>Podiumsdiskussion Di, 26. Oktober 2021, 19 Uhr<br />
Zu Gast in der AusstellungsHalle 1a, Schulstraße 1a, 60594 Frankfurt am Main<br />
</strong></p>
<p>Anmeldung unter <a href="http://www.hs-rm.de/dialog-im-museum">www.hs-rm.de/dialog-im-museum</a><br />
Mit bestätigter Anmeldung erhalten Sie weitere Informationen zu Durchführung und Ablauf der Veranstaltung.</p>
<p>Klimakrise, Mobilitätswende, Wohnraumknappheit – Städte stehen heute vor großen Herausforderungen und wachsendem Veränderungsbedarf.<br />
Smart City-Konzepte versuchen den neuen Anforderungen gerecht zu werden – mit gemischtem Erfolg: Während Googles Digitalstadt in Toronto scheitert, entwickelt sich Barcelona zum Vorbild für Digitalisierung im Dienste des Gemeinwohls. Wie steht es also heute um die Umsetzung von Smart-City-Visionen? Was versprechen wir uns von ihnen in Deutschland und wo liegen die regionalen Hürden in ihrer Umsetzung?</p>
<p>mit:<br />
Iris Belle, Professorin für Smart City Solutions, Hochschule für Technik Stuttgart<br />
Stefan Slembrouck, Vorstandsmitglied des Bundesverbands Smart City e.V., Fachexperte Ethische Smart City und Internationale Zusammenarbeit<br />
José David da Torre Suárez, Geschäftsführer der Digitalstadt Darmstadt GmbH<br />
Thomas Jühe, Bürgermeister der Stadt Raunheim</p>
<p>Moderation:<br />
Thomas Kaspar, Chefredakteur der Frankfurter Rundschau</p>
<p>DIALOG IM MUSEUM ist ein Kooperationsprojekt des DAM und der Hochschule RheinMain, das sich mit den Auswirkungen von smarten Technologien auf unser Leben beschäftigt.</p>
<p><strong>Einlass nur unter Beachtung der 2G-Regel für Geimpfte und Genesene. Wir danken für Ihr Verständnis und freuen uns auf Ihren Besuch!</strong></p>

<p>Klimakrise, Mobilitätswende, Wohnraumknappheit – Städte stehen heute vor großen Herausforderungen und wachsendem Veränderungsbedarf.<br />
Smart City-Konzepte versuchen den neuen Anforderungen gerecht zu werden – mit gemischtem Erfolg: Während Googles Digitalstadt in Toronto scheitert, entwickelt sich Barcelona zum Vorbild für Digitalisierung im Dienste des Gemeinwohls.</p>
